2?
7
What is the thousands digit of 180687?
0
What is the units digit of 9632145?
5
What is the tens digit of 80550?
5
What is the hundred thousands digit of 9779782?
7
What is the hundred thousands digit of 20078032?
0
What is the thousands digit of 87725?
7
What is the ten thousands digit of 5296005?
9
What is the thousands digit of 104689?
4
What is the ten thousands digit of 24493668?
9
What is the ten thousands digit of 5710529?
1
What is the units digit of 343957?
7
What is the hundred thousands digit of 252274?
2
What is the hundred thousands digit of 858263?
8
What is the hundred thousands digit of 9542097?
5
What is the hundred thousands digit of 868530?
8
What is the units digit of 25815?
5
What is the hundred thousands digit of 457724?
4
What is the hundreds digit of 91744?
7
What is the ten thousands digit of 398298?
9
What is the ten thousands digit of 1265012?
6
What is the units digit of 8261210?
0
What is the thousands digit of 2191067?
1
What is the thousands digit of 9027587?
7
What is the tens digit of 248203?
0
What is the thousands digit of 18045727?
5
What is the hundreds digit of 13478?
4
What is the hundreds digit of 444786?
7
What is the thousands digit of 1261442?
1
What is the hundred thousands digit of 393767?
3
What is the hundreds digit of 12460566?
5
What is the hundreds digit of 222533?
5
What is the hundred thousands digit of 3031319?
0
What is the tens digit of 581446?
4
What is the ten thousands digit of 73700?
7
What is the ten thousands digit of 33827904?
2
What is the units digit of 128806?
6
What is the hundreds digit of 514902?
9
What is the hundred thousands digit of 10213501?
2
What is the hundreds digit of 7153223?
2
What is the thousands digit of 155517?
5
What is the tens digit of 2000554?
5
What is the hundreds digit of 121809?
8
What is the units digit of 1689070?
0
What is the hundred thousands digit of 1566447?
5
What is the millions digit of 1638508?
1
What is the thousands digit of 3250781?
0
What is the tens digit of 596337?
3
What is the units digit of 3187635?
5
What is the hundreds digit of 426977?
9
What is the tens digit of 977250?
5
What is the tens digit of 156370?
7
What is the ten thousands digit of 2734991?
3
What is the hundred thousands digit of 4863165?
8
What is the hundred thousands digit of 4096690?
0
What is the hundreds digit of 1280496?
4
What is the units digit of 13452667?
7
What is the tens digit of 5028218?
1
What is the hundreds digit of 101574?
5
What is the tens digit of 242496?
9
What is the hundred thousands digit of 399683?
3
What is the hundreds digit of 463258?
2
What is the units digit of 905595?
5
What is the hundred thousands digit of 126760?
1
What is the ten thousands digit of 1303679?
0
What is the units digit of 490058?
8
What is the units digit of 446657?
7
What is the thousands digit of 9876161?
6
What is the tens digit of 150401?
0
What is the hundred thousands digit of 949460?
9
What is the ten thousands digit of 2439295?
3
What is the hundred thousands digit of 336289?
3
What is the tens digit of 9554136?
3
What is the units digit of 59419?
9
What is the hundred thousands digit of 197430?
1
What is the millions digit of 20870411?
0
What is the tens digit of 2549832?
3
What is the tens digit of 764331?
3
What is the thousands digit of 344165?
4
What is the hundred thousands digit of 282035?
2
What is the units digit of 28415?
5
What is the ten thousands digit of 28788146?
8
What is the ten thousands digit of 23485?
2
What is the thousands digit of 13232009?
2
What is the millions digit of 25065962?
5
What is the thousands digit of 373623?
3
What is the ten thousands digit of 2625360?
2
What is the hundreds digit of 108031?
0
What is the millions digit of 16790377?
6
What is the thousands digit of 3541179?
1
What is the millions digit of 21990263?
1
What is the units digit of 1484657?
7
What is the tens digit of 4731176?
7
What is the millions digit of 6755932?
6
What is the millions digit of 21418998?
1
What is the millions digit of 3503154?
3
What is the tens digit of 92663?
6
What is the units digit of 13028285?
5
What is the units digit of 11973745?
5
What is the units digit of 282084?
4
What is the units digit of 1057785?
5
What is the tens digit of 4212079?
7
What is the hundreds digit of 186406?
4
What is the tens digit of 712702?
0
What is the thousands digit of 531579?
1
What is the tens digit of 95643?
4
What is the units digit of 9826816?
6
What is the tens digit of 3045011?
1
What is the units digit of 374360?
0
What is the millions digit of 2821204?
2
What is the tens digit of 696861?
6
What is the ten thousands digit of 402122?
0
What is the ten thousands digit of 12545765?
4
What is the thousands digit of 2603284?
3
What is the tens digit of 142914?
1
What is the hundred thousands digit of 1295924?
2
What is the thousands digit of 2155303?
5
What is the thousands digit of 284644?
4
What is the tens digit of 433044?
4
What is the hundreds digit of 1480171?
1
What is the tens digit of 14498680?
8
What is the tens digit of 320418?
1
What is the hundreds digit of 5092737?
7
What is the tens digit of 206756?
5
What is the hundred thousands digit of 11469780?
4
What is the units digit of 10160?
0
What is the units digit of 67372?
2
What is the hundred thousands digit of 1575119?
5
What is the millions digit of 1199839?
1
What is the hundreds digit of 12129753?
7
What is the tens digit of 4023681?
8
What is the ten thousands digit of 235862?
3
What is the units digit of 6693278?
8
What is the hundreds digit of 4579220?
2
What is the ten thousands digit of 774278?
7
What is the hundred thousands digit of 418761?
4
What is the tens digit of 184314?
1
What is the millions digit of 1233083?
1
What is the thousands digit of 319285?
9
What is the hundreds digit of 176152?
1
What is the hundreds digit of 4537324?
3
What is the thousands digit of 12720087?
0
What is the hundred thousands digit of 163534?
1
What is the tens digit of 1374087?
8
What is the thousands digit of 4332565?
2
What is the millions digit of 1076335?
1
What is the millions digit of 2819252?
2
What is the tens digit of 2687161?
6
What is the tens digit of 464851?
5
What is the units digit of 243145?
5
What is the hundreds digit of 708366?
3
What is the tens digit of 880947?
4
What is the units digit of 7876144?
4
What is the tens digit of 361862?
6
What is the tens digit of 736125?
2
What is the thousands digit of 2962197?
2
What is the ten thousands digit of 414436?
1
What is the ten thousands digit of 2703684?
0
What is the tens digit of 208769?
6
What is the hundred thousands digit of 24937105?
9
What is the hundred thousands digit of 221637?
2
What is the hundred thousands digit of 17440590?
4
What is the units digit of 10900?
0
What is the units digit of 3062562?
2
What is the millions digit of 8302260?
8
What is the ten millions digit of 13793419?
1
What is the ten thousands digit of 1192068?
9
What is the hundred thousands digit of 135519?
1
What is the tens digit of 3306820?
2
What is the hundreds digit of 133632?
6
What is the hundreds digit of 1038792?
7
What is the tens digit of 2598559?
5
What is the units digit of 185767?
7
What is the hundreds digit of 566132?
1
What is the ten thousands digit of 431595?
3
What is the hundreds digit of 2024792?
7
What is the thousands digit of 143843?
3
What is the tens digit of 3968061?
6
What is the units digit of 308502?
2
What is the units digit of 624933?
3
What is the ten thousands digit of 4943349?
4
What is the thousands digit of 299441?
9
What is the hundreds digit of 257061?
0
What is the hundreds digit of 8444600?
6
What is the hundred thousands digit of 273447?
2
What is the hundreds digit of 576796?
7
What is the hundred thousands digit of 13542126?
5
What is the hundreds digit of 52976?
9
What is the ten thousands digit of 1425597?
2
What is the ten thousands digit of 1144575?
4
What is the ten thousands digit of 117723?
1
What is the tens digit of 1371130?
3
What is the hundreds digit of 3871?
8
What is the hundreds digit of 1233937?
9
What is the hundred thousands digit of 114293?
1
What is the hundred thousands digit of 837850?
8
What is the hundred thousands digit of 3479909?
4
What is the thousands digit of 368